{"id":18115,"date":"2025-06-06T11:46:34","date_gmt":"2025-06-06T15:46:34","guid":{"rendered":"https:\/\/antiqueref.com\/wp-content\/uploads\/2025\/06\/Sevres-plate-Departements-service-Aisne.jpg"},"modified":"2025-06-06T11:46:57","modified_gmt":"2025-06-06T15:46:57","slug":"sevres-plate-departements-service-aisne-3","status":"inherit","type":"attachment","link":"https:\/\/antiqueref.com\/index.php\/sevres\/service-des-departements\/sevres-plate-departements-service-aisne-3\/","title":{"rendered":"Sevres plate &#8211; Departements service &#8211; Aisne"},"author":1,"featured_media":0,"comment_status":"open","ping_status":"closed","template":"","meta":{"_acf_changed":false},"categories":[],"tags":[],"class_list":["post-18115","attachment","type-attachment","status-inherit","hentry"],"acf":[],"description":{"rendered":"<p class=\"attachment\"><a href='https:\/\/antiqueref.com\/wp-content\/uploads\/2025\/06\/Sevres-plate-Departements-service-Aisne.jpg'><img loading=\"lazy\" decoding=\"async\" width=\"742\" height=\"742\" src=\"https:\/\/antiqueref.com\/wp-content\/uploads\/2025\/06\/Sevres-plate-Departements-service-Aisne.jpg\" class=\"attachment-medium size-medium\" alt=\"Sevres Plate Departements Service Aisne\" srcset=\"https:\/\/antiqueref.com\/wp-content\/uploads\/2025\/06\/Sevres-plate-Departements-service-Aisne.jpg 742w, https:\/\/antiqueref.com\/wp-content\/uploads\/2025\/06\/Sevres-plate-Departements-service-Aisne-300x300.jpg 300w, https:\/\/antiqueref.com\/wp-content\/uploads\/2025\/06\/Sevres-plate-Departements-service-Aisne-600x600.jpg 600w\" sizes=\"auto, (max-width: 742px) 100vw, 742px\" \/><\/a><\/p>\n<p><img decoding=\"async\" src=\"https:\/\/antiqueref.com\/wp-content\/uploads\/2025\/06\/Sevres-plate-Departements-service-Aisne-engraving.jpeg\" alt=\"\" \/><\/p>\n<p>Assiette illustrant le d\u00e9partement de l&#8217;Aisne, St Quentin (sic), 1825.<br \/>\nAfter Voyage pittoresque de la France avec la description de toutes ses provinces, ouvrage national d\u00e9di\u00e9 au roi&#8230;, par une soci\u00e9t\u00e9 de gens de lettre, Paris, Lamy, 1784-1792 et s.d., 8 tomes, faisant suite \u00e0 la Description g\u00e9n\u00e9rale et particuli\u00e8re de la France, Paris, Ph. D. Pierres, 1781-1784, 4 vol., t. XI, s.d., pl. 14).<\/p>\n<p><a href=\"https:\/\/antiqueref.com\/wp-content\/uploads\/2025\/05\/Sevres-plate-Departements-service-Aisne-1.jpeg\"><br \/>\n         <img decoding=\"async\" src=\"https:\/\/antiqueref.com\/wp-content\/uploads\/2025\/05\/Sevres-plate-Departements-service-Aisne-1.jpeg\"\n         width=1000\u201d height=\u201c2000\"> <\/a><\/p>\n"},"caption":{"rendered":"<p>Aisne<\/p>\n"},"alt_text":"Sevres Plate Departements Service Aisne","media_type":"image","mime_type":"image\/jpeg","media_details":{"width":742,"height":742,"file":"2025\/06\/Sevres-plate-Departements-service-Aisne.jpg","filesize":641206,"sizes":{"thumbnail":{"file":"Sevres-plate-Departements-service-Aisne-300x300.jpg","width":300,"height":300,"filesize":26209,"mime_type":"image\/jpeg","source_url":"https:\/\/antiqueref.com\/wp-content\/uploads\/2025\/06\/Sevres-plate-Departements-service-Aisne-300x300.jpg"},"store-sq-thumb":{"file":"Sevres-plate-Departements-service-Aisne-600x600.jpg","width":600,"height":600,"filesize":87474,"mime_type":"image\/jpeg","source_url":"https:\/\/antiqueref.com\/wp-content\/uploads\/2025\/06\/Sevres-plate-Departements-service-Aisne-600x600.jpg"},"store-thumb":{"file":"Sevres-plate-Departements-service-Aisne-540x450.jpg","width":540,"height":450,"filesize":65945,"mime_type":"image\/jpeg","source_url":"https:\/\/antiqueref.com\/wp-content\/uploads\/2025\/06\/Sevres-plate-Departements-service-Aisne-540x450.jpg"},"pop-thumb":{"file":"Sevres-plate-Departements-service-Aisne-542x340.jpg","width":542,"height":340,"filesize":52181,"mime_type":"image\/jpeg","source_url":"https:\/\/antiqueref.com\/wp-content\/uploads\/2025\/06\/Sevres-plate-Departements-service-Aisne-542x340.jpg"},"full":{"file":"Sevres-plate-Departements-service-Aisne.jpg","width":742,"height":742,"mime_type":"image\/jpeg","source_url":"https:\/\/antiqueref.com\/wp-content\/uploads\/2025\/06\/Sevres-plate-Departements-service-Aisne.jpg"}},"image_meta":{"aperture":"5.6","credit":"","camera":"Canon PowerShot SD880 IS","caption":"","created_timestamp":"1749204855","copyright":"","focal_length":"5","iso":"80","shutter_speed":"0.00125","title":"","orientation":"1","keywords":[]}},"post":14171,"source_url":"https:\/\/antiqueref.com\/wp-content\/uploads\/2025\/06\/Sevres-plate-Departements-service-Aisne.jpg","_links":{"self":[{"href":"https:\/\/antiqueref.com\/index.php\/wp-json\/wp\/v2\/media\/18115","targetHints":{"allow":["GET"]}}],"collection":[{"href":"https:\/\/antiqueref.com\/index.php\/wp-json\/wp\/v2\/media"}],"about":[{"href":"https:\/\/antiqueref.com\/index.php\/wp-json\/wp\/v2\/types\/attachment"}],"author":[{"embeddable":true,"href":"https:\/\/antiqueref.com\/index.php\/wp-json\/wp\/v2\/users\/1"}],"replies":[{"embeddable":true,"href":"https:\/\/antiqueref.com\/index.php\/wp-json\/wp\/v2\/comments?post=18115"}],"wp:term":[{"taxonomy":"category","embeddable":true,"href":"https:\/\/antiqueref.com\/index.php\/wp-json\/wp\/v2\/categories?post=18115"},{"taxonomy":"post_tag","embeddable":true,"href":"https:\/\/antiqueref.com\/index.php\/wp-json\/wp\/v2\/tags?post=18115"}],"wp:attached-to":[{"embeddable":true,"post_type":"page","id":14171,"href":"https:\/\/antiqueref.com\/index.php\/wp-json\/wp\/v2\/pages\/14171"}],"curies":[{"name":"wp","href":"https:\/\/api.w.org\/{rel}","templated":true}]}}

<p class="attachment"><a href='https://antiqueref.com/wp-content/uploads/2025/06/Sevres-plate-Departements-service-Aisne.jpg'><img loading="lazy" decoding="async" width="742" height="742" src="https://antiqueref.com/wp-content/uploads/2025/06/Sevres-plate-Departements-service-Aisne.jpg" class="attachment-medium size-medium" alt="Sevres Plate Departements Service Aisne" srcset="https://antiqueref.com/wp-content/uploads/2025/06/Sevres-plate-Departements-service-Aisne.jpg 742w, https://antiqueref.com/wp-content/uploads/2025/06/Sevres-plate-Departements-service-Aisne-300x300.jpg 300w, https://antiqueref.com/wp-content/uploads/2025/06/Sevres-plate-Departements-service-Aisne-600x600.jpg 600w" sizes="auto, (max-width: 742px) 100vw, 742px" /></a></p>
<p><img decoding="async" src="https://antiqueref.com/wp-content/uploads/2025/06/Sevres-plate-Departements-service-Aisne-engraving.jpeg" alt="" /></p>
<p>Assiette illustrant le département de l&#8217;Aisne, St Quentin (sic), 1825.<br />
After Voyage pittoresque de la France avec la description de toutes ses provinces, ouvrage national dédié au roi&#8230;, par une société de gens de lettre, Paris, Lamy, 1784-1792 et s.d., 8 tomes, faisant suite à la Description générale et particulière de la France, Paris, Ph. D. Pierres, 1781-1784, 4 vol., t. XI, s.d., pl. 14).</p>
<p><a href="https://antiqueref.com/wp-content/uploads/2025/05/Sevres-plate-Departements-service-Aisne-1.jpeg"><br />
         <img decoding="async" src="https://antiqueref.com/wp-content/uploads/2025/05/Sevres-plate-Departements-service-Aisne-1.jpeg"
         width=1000” height=“2000"> </a></p>
