{"id":18121,"date":"2025-06-06T14:15:25","date_gmt":"2025-06-06T18:15:25","guid":{"rendered":"https:\/\/antiqueref.com\/wp-content\/uploads\/2025\/06\/Sevres-plate-Departements-service-Tarn.jpeg"},"modified":"2025-06-06T14:15:50","modified_gmt":"2025-06-06T18:15:50","slug":"sevres-plate-departements-service-tarn","status":"inherit","type":"attachment","link":"https:\/\/antiqueref.com\/index.php\/sevres\/service-des-departements\/sevres-plate-departements-service-tarn\/","title":{"rendered":"Sevres plate Departements service &#8211; Tarn"},"author":1,"featured_media":0,"comment_status":"open","ping_status":"closed","template":"","meta":{"_acf_changed":false},"categories":[],"tags":[],"class_list":["post-18121","attachment","type-attachment","status-inherit","hentry"],"acf":[],"description":{"rendered":"<p class=\"attachment\"><a href='https:\/\/antiqueref.com\/wp-content\/uploads\/2025\/06\/Sevres-plate-Departements-service-Tarn.jpeg'><img loading=\"lazy\" decoding=\"async\" width=\"1000\" height=\"1000\" src=\"https:\/\/antiqueref.com\/wp-content\/uploads\/2025\/06\/Sevres-plate-Departements-service-Tarn.jpeg\" class=\"attachment-medium size-medium\" alt=\"Sevres Plate Departements Service Tarn\" srcset=\"https:\/\/antiqueref.com\/wp-content\/uploads\/2025\/06\/Sevres-plate-Departements-service-Tarn.jpeg 1000w, https:\/\/antiqueref.com\/wp-content\/uploads\/2025\/06\/Sevres-plate-Departements-service-Tarn-300x300.jpeg 300w, https:\/\/antiqueref.com\/wp-content\/uploads\/2025\/06\/Sevres-plate-Departements-service-Tarn-768x768.jpeg 768w, https:\/\/antiqueref.com\/wp-content\/uploads\/2025\/06\/Sevres-plate-Departements-service-Tarn-600x600.jpeg 600w\" sizes=\"auto, (max-width: 1000px) 100vw, 1000px\" \/><\/a><\/p>\n<p><img decoding=\"async\" src=\"https:\/\/antiqueref.com\/wp-content\/uploads\/2025\/05\/Sevres-plate-Departements-service-Tarn-2.jpeg\" alt=\"\" \/><\/p>\n<p>Assiette illustrant le d\u00e9partement du Tarn, Cath\u00e9drale et pr\u00e9fecture d&#8217;Albi, 1826-1827.<br \/>\nAfter the engraving by Jean-J\u00e9r\u00f4me Baugean (1764\u20131819) for \u201cNouveau voyage pittoresque de la France\u201d by Ostervald, Pl. 324.<\/p>\n<p><img decoding=\"async\" src=\"https:\/\/antiqueref.com\/wp-content\/uploads\/2025\/05\/Sevres-plate-Departements-service-Tarn-lithograph.jpeg\" alt=\"\" \/><\/p>\n"},"caption":{"rendered":"<p>Tarn<\/p>\n"},"alt_text":"Sevres Plate Departements Service Tarn","media_type":"image","mime_type":"image\/jpeg","media_details":{"width":1000,"height":1000,"file":"2025\/06\/Sevres-plate-Departements-service-Tarn.jpeg","filesize":920945,"sizes":{"thumbnail":{"file":"Sevres-plate-Departements-service-Tarn-300x300.jpeg","width":300,"height":300,"filesize":27640,"mime_type":"image\/jpeg","source_url":"https:\/\/antiqueref.com\/wp-content\/uploads\/2025\/06\/Sevres-plate-Departements-service-Tarn-300x300.jpeg"},"medium_large":{"file":"Sevres-plate-Departements-service-Tarn-768x768.jpeg","width":768,"height":768,"filesize":130822,"mime_type":"image\/jpeg","source_url":"https:\/\/antiqueref.com\/wp-content\/uploads\/2025\/06\/Sevres-plate-Departements-service-Tarn-768x768.jpeg"},"store-sq-thumb":{"file":"Sevres-plate-Departements-service-Tarn-600x600.jpeg","width":600,"height":600,"filesize":86971,"mime_type":"image\/jpeg","source_url":"https:\/\/antiqueref.com\/wp-content\/uploads\/2025\/06\/Sevres-plate-Departements-service-Tarn-600x600.jpeg"},"store-thumb":{"file":"Sevres-plate-Departements-service-Tarn-540x450.jpeg","width":540,"height":450,"filesize":66209,"mime_type":"image\/jpeg","source_url":"https:\/\/antiqueref.com\/wp-content\/uploads\/2025\/06\/Sevres-plate-Departements-service-Tarn-540x450.jpeg"},"pop-thumb":{"file":"Sevres-plate-Departements-service-Tarn-542x340.jpeg","width":542,"height":340,"filesize":52621,"mime_type":"image\/jpeg","source_url":"https:\/\/antiqueref.com\/wp-content\/uploads\/2025\/06\/Sevres-plate-Departements-service-Tarn-542x340.jpeg"},"full":{"file":"Sevres-plate-Departements-service-Tarn.jpeg","width":1000,"height":1000,"mime_type":"image\/jpeg","source_url":"https:\/\/antiqueref.com\/wp-content\/uploads\/2025\/06\/Sevres-plate-Departements-service-Tarn.jpeg"}},"image_meta":{"aperture":"2.8","credit":"","camera":"Canon PowerShot SD880 IS","caption":"","created_timestamp":"1749216380","copyright":"","focal_length":"5","iso":"80","shutter_speed":"0.00625","title":"","orientation":"1","keywords":[]}},"post":14171,"source_url":"https:\/\/antiqueref.com\/wp-content\/uploads\/2025\/06\/Sevres-plate-Departements-service-Tarn.jpeg","_links":{"self":[{"href":"https:\/\/antiqueref.com\/index.php\/wp-json\/wp\/v2\/media\/18121","targetHints":{"allow":["GET"]}}],"collection":[{"href":"https:\/\/antiqueref.com\/index.php\/wp-json\/wp\/v2\/media"}],"about":[{"href":"https:\/\/antiqueref.com\/index.php\/wp-json\/wp\/v2\/types\/attachment"}],"author":[{"embeddable":true,"href":"https:\/\/antiqueref.com\/index.php\/wp-json\/wp\/v2\/users\/1"}],"replies":[{"embeddable":true,"href":"https:\/\/antiqueref.com\/index.php\/wp-json\/wp\/v2\/comments?post=18121"}],"wp:term":[{"taxonomy":"category","embeddable":true,"href":"https:\/\/antiqueref.com\/index.php\/wp-json\/wp\/v2\/categories?post=18121"},{"taxonomy":"post_tag","embeddable":true,"href":"https:\/\/antiqueref.com\/index.php\/wp-json\/wp\/v2\/tags?post=18121"}],"wp:attached-to":[{"embeddable":true,"post_type":"page","id":14171,"href":"https:\/\/antiqueref.com\/index.php\/wp-json\/wp\/v2\/pages\/14171"}],"curies":[{"name":"wp","href":"https:\/\/api.w.org\/{rel}","templated":true}]}}

<p class="attachment"><a href='https://antiqueref.com/wp-content/uploads/2025/06/Sevres-plate-Departements-service-Tarn.jpeg'><img loading="lazy" decoding="async" width="1000" height="1000" src="https://antiqueref.com/wp-content/uploads/2025/06/Sevres-plate-Departements-service-Tarn.jpeg" class="attachment-medium size-medium" alt="Sevres Plate Departements Service Tarn" srcset="https://antiqueref.com/wp-content/uploads/2025/06/Sevres-plate-Departements-service-Tarn.jpeg 1000w, https://antiqueref.com/wp-content/uploads/2025/06/Sevres-plate-Departements-service-Tarn-300x300.jpeg 300w, https://antiqueref.com/wp-content/uploads/2025/06/Sevres-plate-Departements-service-Tarn-768x768.jpeg 768w, https://antiqueref.com/wp-content/uploads/2025/06/Sevres-plate-Departements-service-Tarn-600x600.jpeg 600w" sizes="auto, (max-width: 1000px) 100vw, 1000px" /></a></p>
<p><img decoding="async" src="https://antiqueref.com/wp-content/uploads/2025/05/Sevres-plate-Departements-service-Tarn-2.jpeg" alt="" /></p>
<p>Assiette illustrant le département du Tarn, Cathédrale et préfecture d&#8217;Albi, 1826-1827.<br />
After the engraving by Jean-Jérôme Baugean (1764–1819) for “Nouveau voyage pittoresque de la France” by Ostervald, Pl. 324.</p>
<p><img decoding="async" src="https://antiqueref.com/wp-content/uploads/2025/05/Sevres-plate-Departements-service-Tarn-lithograph.jpeg" alt="" /></p>
